ivide 0 + (4 - k) + 11?
False
Let r(q) = 2*q**2 - q**3 - q**2 - 6*q - 7*q**2. Let p be r(-5). Suppose -p*g + 44 = 4*n, -20 = -2*g - 3*g. Is n a multiple of 3?
True
Suppose 4*a - 863 - 545 = 0. Is 12/(-8)*a/(-12) a multiple of 13?
False
Let u(l) = 4 + 3*l - 3*l + l. Let h be u(0). Suppose 2 = h*m - 26. Is m a multiple of 4?
False
Suppose 0 = -3*w - 4*n + 12, 4*n - 2 = -14. Does 4 divide w?
True
Let m(h) = h**3 - 11*h**2 + h + 3. Is m(11) a multiple of 4?
False
Suppose -2*b = 2*v - 60, b + 4*b = 2*v + 164. Is b a multiple of 11?
False
Let w(a) = a**2 - 10*a + 14. Is 4 a factor of w(10)?
False
Suppose 7*o - 60 = -4*g + 2*o, -o - 6 = -g. Let p = g + -4. Does 6 divide p?
True
Let k(h) = -5*h. Let b be k(-3). Let z = b - 9. Suppose -3*n + z = -6. Does 2 divide n?
True
Let n(l) = l**3 - 2*l**2 + 2*l + 4. Does 19 divide n(3)?
True
Is (-3 - 0/(-4)) + 41 a multiple of 13?
False
Let m(x) = 2*x + 2. Let f be (-16)/12*(-2 + -1). Let l be m(f). Suppose -2*z = 4*a - l, -a + 25 = 3*a - z. Does 2 divide a?
False
Suppose 5*x = x + 160. Is x a multiple of 10?
True
Suppose 2*x - 2 - 10 = -b, 30 = 5*x - 3*b. Let f = 3 - x. Is 14 a factor of 16 + f/(-6)*2?
False
Let y = -33 - -18. Let c be (9/y)/((-1)/15). Let u = c - -10. Is 10 a factor of u?
False
Let r = 1 + 19. Does 10 divide r?
True
Let f(j) = -4*j. Let z be f(-1). Suppose -17 = -z*h + 39. Does 7 divide h?
True
Let d(n) = 0 + 4 - 5 - 5*n. Is 5 a factor of d(-3)?
False
Suppose o + 130 = 3*m, 3*m - 5*m + 100 = 2*o. Is m a multiple of 45?
True
Let h(q) = q**3 + 10*q**2 - 8*q - 10. Let l be h(-10). Suppose 0*v + 2*v = -4, 4*c = -v + l. Is 18 a factor of c?
True
Suppose -4*u - 15 = -3. Let f be ((-27)/(-6))/u*2. Is 17 a factor of 8/f*(-153)/12?
True
Suppose 2*r + 0*r - 76 = 0. Let q = r + -1. Suppose 0 = 2*n - 3*u - u - 10, 2*n + 5*u = q. Is 5 a factor of n?
False
Suppose 3*h + 0 - 6 = 0. Suppose -6*q + h*q = 0. Suppose -8 = -a - 5*m, 4*a - 89 = -q*m - m. Is a a multiple of 8?
False
Suppose -5*s + 23 = 108. Let u = s - -23. Does 6 divide u?
True
Let k = 6 + -4. Suppose -7*j = -k*j - 310. Does 16 divide j?
False
Suppose 124 = -4*q + 8*q. Is 15 a factor of q?
False
Suppose -3*x = x - 20. Suppose 0 = -4*k - 3*q + 13, 5*k - 18 + 3 = -x*q. Suppose 3*t = k + 119. Is 22 a factor of t?
False
Let n be (-10)/(-2)*(-4)/(-10). Suppose n*d - 1 + 9 = 0, -3*d = -2*f + 12. Suppose f*m = s + 3*m - 11, 5*s - m = 71. Is 7 a factor of s?
True
Suppose 0 = 19*v - 15*v - 464. Is 16 a factor of v?
False
Suppose -4*z + 65 = -27. Is z a multiple of 7?
False
Let x = 2 - 1. Suppose 2*t = -2*i + 2, -3*i - 2 = 2*t - x. Let n = t + 30. Is n a multiple of 17?
True
Let p be (-4 - -3)*(0 - 0). Suppose 5*l + 2*j - 65 = p, -3*l + 57 = -j + 18. Does 13 divide l?
True
Suppose 0 = -f - 2*c + 4*c + 28, 2*c + 6 = 0. Does 4 divide f?
False
Let v(u) = 2 - 4*u - 2. Suppose -2*z - 14 = 3*n - 6*n, 4*z = 4*n - 20. Does 4 divide v(z)?
True
Suppose o - 11 - 53 = 0. Does 8 divide o?
True
Let g(q) = q**3 + 15*q**2 + 10*q + 7. Does 11 divide g(-14)?
False
Let a = -6 + 14. Is a even?
True
Let i be (3 - (-3 + 6))*-1. Suppose -u + i*u = -128. Let k = 181 - u. Does 18 divide k?
False
Let y be (1 - 2)/(3/3). Let z = -1 + y. Let l = 16 + z. Does 5 divide l?
False
Is 6/1*3/2 even?
False
Suppose 2*k = 6*k - 8. Let s(v) be the second derivative of v**4/6 + v**3/6 - v**2 - v. Does 7 divide s(k)?
False
Let v(z) = -7*z - 2. Does 5 divide v(-3)?
False
Let r = 22 - -62. Is r a multiple of 14?
True
Is 7 a factor of (-54)/(-4) - (-21)/(-14)?
False
Let s = 57 + -18. Let r = -40 - -23. Let i = r + s. Is 14 a factor of i?
False
Is 36*(3/(-9))/(12/(-9)) a multiple of 3?
True
Suppose -11*y + 1090 = -296. Is 21 a factor of y?
True
Let f = -6 + 8. Suppose -4*i + 2*n + f*n = -32, 5*n + 8 = -3*i. Does 4 divide i?
True
Does 28 divide -6 + 64 + -1 + -1?
True
Let n be -6 - (-1 + 2 - 0). Let b(g) = 4*g**3 - 4*g**2 + 4*g - 12. Let z(o) = 9*o**3 - 9*o**2 + 9*o - 24. Let d(m) = n*b(m) + 3*z(m). Does 6 divide d(0)?
True
Let j = 55 + 42. Let v = j + -28. Is 23 a factor of v?
True
Suppose h + 2*h - 75 = 0. Suppose -m - 6 + h = 0. Is m a multiple of 10?
False
Suppose 4*n - 2*n = 16. Let l = -8 + 4. Let z = l + n. Is 4 a factor of z?
True
Let l(c) = 1 - 5*c + 18*c - 9. Does 35 divide l(6)?
True
Let o(c) = c**2 - 8*c - 2. Let y be o(5). Let q = y - -43. Is q a multiple of 13?
True
Suppose 4*v + 1 = -n, 3*v + 3*n - 1 = -4. Suppose v*f + 436 = 4*f. Suppose -3*y = 4*j - f, 5*y + 87 = 5*j - 58. Is 14 a factor of j?
True
Let b(d) = -2*d + 3. Let j be (-11)/2 + (-1)/(-2). Is b(j) a multiple of 12?
False
Suppose -2*d - 10 = -d. Let c be (-23)/(-5) + (-4)/d. Suppose c = 4*h - 3*h. Is h even?
False
Let c = -14 + 30. Is 8 a factor of c?
True
Let a = 17 + -9. Does 8 divide a?
True
Is ((-10)/(-30))/((-1)/(-48)) a multiple of 15?
False
Suppose -2*a + 6 = -5*y - 6*a, 18 = -y - 5*a. Let o(f) = f**2 + 4*f + f**y + 0*f + 4. Is o(-4) a multiple of 8?
False
Suppose -3*z + 78 = -2*z. Let l = -107 + 159. Let x = z - l. Does 10 divide x?
False
Suppose -2*g + 5*q = -g - 13, -g + 2*q = -25. Is g a multiple of 11?
True
Let i(q) = -q**2 - 26*q. Is i(-21) a multiple of 55?
False
Let v(m) be the second derivative of m**4/6 - m**3/6 + 3*m**2 + 2*m. Does 19 divide v(5)?
False
Suppose -4*n + 19 = 3. Is (16/10)/(n/50) a multiple of 7?
False
Let p be -1 + 143 - (-21)/(-7). Suppose 0*m = 3*m - t - p, 2*m - 101 = -t. Is m a multiple of 12?
True
Let b be 5/(-2)*8/(-10). Let k be ((-2)/6)/(b/(-12)). Suppose 2*d + k*j = 16, -4*j = d - 11 - 6. Does 5 divide d?
True
Let s be (-1)/((-9)/(-6))*24. Let q be (3/(-2))/(6/s). Let b = q + 3. Does 4 divide b?
False
Suppose -2*s - s - 36 = 0. Suppose -h = -5*h + 68. Let t = h + s. Does 2 divide t?
False
Let o = -538 + 753. Is 11 a factor of o?
False
Suppose -k - 2*u = -92, 4*k + 3*u - 58 - 325 = 0. Let a = -64 + k. Does 15 divide a?
False
Let r(d) = d**3 + 5*d**2 + 6*d + 4. Let q be r(-4). Let k(m) = -4*m**2 + 5*m - 8. Let c(g) = -5*g**2 + 5*g - 9. Let w(t) = 5*c(t) - 6*k(t). Does 7 divide w(q)?
True
Let r(f) = -f**2 - 5*f + 4. Suppose -4 = 4*o, 3*q + 3*o = 4*q + 1. Does 8 divide r(q)?
True
Let x(g) = -9*g**3 - 2*g**2 - g - 6. Does 6 divide x(-2)?
True
Let k(a) = a**3 - a**2 - a - 2. Let r be k(4). Suppose -2*b = 5*m - 31, -b - 3*b - m + 17 = 0. Let z = b + r. Is 15 a factor of z?
True
Let r = -8 - -7. Let y be (13/(-4))/(r/8). Suppose -y - 62 = -4*w. Is 10 a factor of w?
False
Let t(q) be the third derivative of q**5/60 + q**4/24 - 3*q**2. Is 2 a factor of t(-2)?
True
Let m be 2/(-8) - 84/(-16). Let b(r) = 2*r**2 - r + 3 + 1 - 7*r. Is 12 a factor of b(m)?
False
Suppose 0 = -3*h + 2*l - 14 - 131, -5*l + 160 = -3*h. Let n = h + 66. Does 7 divide n?
True
Let c(g) be the second derivative of -3*g - 1/2*g**3 - 2*g**2 + 0. Is c(-4) a multiple of 8?
True
Let p(r) = 4*r**2 + r - 2. Is 12 a factor of p(-2)?
True
Let v = 7 + 5. Is v a multiple of 7?
False
Let u be ((-10)/(-15))/(2/6). Suppose 0*f = -u*f + 4. Suppose -9 = -f*t + 3. Is t a multiple of 5?
False
Suppose -3*o + 9 + 9 = 0. Suppose -o = 2*b - 4*b. Suppose b*w - 4*n - 36 = w, -n + 11 = 2*w. Is w a multiple of 4?
True
Suppose 3*b - 65 = 2*w - 0*w, -3*w = 2*b - 39. Is 7 a factor of b?
True
Let c(z) = -z**3 - 12*z**2 - 13*z - 6. Does 16 divide c(-11)?
True
Suppose -h + 5 = -5. Let f = 18 - h. Does 8 divide f?
True
Let x(n) = -n + 17. Let j(o) = 2*o - 33. Let u = 5 + -2. Let d(g) = u*j(g) + 7*x(g). Is d(0) a multiple of 10?
True
Suppose 3*m - 18 = -0*m. Let i = 3 - m. Is -1 - i/((-3)/(-16)) a multiple of 6?
False
Let k(r) = r**3 + 4*r**2 - 4*r - 4. Let u be 6 + (-1 - (2 - 1)). Let g be (1 - 2)*u - -1. Is k(g) a multiple of 14?
False
Is 10 a factor of 4 + -2 + 17 + 0?
False
Is -75*(1 - 2)/(9/6) a multiple of 18?
False
Suppose 0 = 3*u - 0*u + 5*c + 19, -3*u + 21 = -3*c. Let m be (u/(-4))/((-1)/(-74)). Let k = m - -56. Does 19 divide k?
True
Let a(n) = 8*n**2 + n - 10. Does 10 divide a(-4)?
False
Suppose -384 = -4*c - d, 0*d - 5*d + 288 = 3*c. Does 27 divide c?
False
Let r(g) = -g**3 - 6*g**2 - 6*g - 5. Let b be r(-5). Let k = -3 - -5. Suppose 3*i = -0*a + 2*a + 41, -k*i + 5*a + 31 = b. Is i a multiple of 7?
False
Suppose 3*c = 181 + 107. Is 24 a factor of c?
True
Suppose -32 = -4*n + 5*d + 643, 3*n - 512 = -2*d. Suppose 2*o + 3*o - n = 0. Does 17 divid